-4
Let d(h) = h**2 - 4 + 6*h + 3 - 2*h**2 + 2. Calculate d(5).
6
Let b(q) = 4*q + 2*q**3 - 2*q + 4 - 8*q**2 + 3*q**3. Let h(s) be the first derivative of -s**4/4 + s**3/3 - s - 1. Let k(a) = b(a) + 6*h(a). What is k(-3)?
1
Let o(f) = -f - 6. Let u(x) = x**3 - 16*x**2 - 17*x - 5. Let w be u(17). Calculate o(w).
-1
Let u(g) = -7*g**3 - 10*g**2 + 3*g - 9. Let y(i) = -11*i**3 - 15*i**2 + 4*i - 13. Let t(j) = 8*u(j) - 5*y(j). Give t(-6).
5
Let c(v) = v**2 - 10*v + 5. Let j(z) = 2*z + 36. Let i be j(-16). Calculate c(i).
-19
Suppose 4*y - 13 = 3. Let u(o) = -o**2 + 2*o - 1. Calculate u(y).
-9
Let r = -14 + 16. Let q(c) = c**3 - r*c - 6*c**2 + 9*c**2 + 5*c. Give q(-2).
-2
Let j(q) = 6*q - 2*q**2 + 4*q**2 + 2 - 3*q**2 - 4. Let c = 15 + -10. Determine j(c).
3
Let c(x) be the second derivative of 1/6*x**3 + 4*x + 0 + 0*x**2 - 1/12*x**4. Let k be (-3)/6 - (-9)/6. Calculate c(k).
0
Let t(x) be the second derivative of -x**5/20 - 2*x**4/3 - 7*x**3/6 + 3*x**2/2 - 3*x. Calculate t(-7).
3
Let n(h) = -h**3 + h**2 - 3*h + 2. Suppose 0 = 5*i + 10 + 30. Let l = -6 - i. Give n(l).
-8
Let i be ((-5)/2)/((-5)/70). Suppose -5*o + 10 - i = 0. Let q(z) = -z + 2. What is q(o)?
7
Let k(w) be the first derivative of w**3/3 + 3*w**2/2 + 4*w + 1. Let q be 3/((-6 - -7)*(-2 - -1)). Calculate k(q).
4
Let r(j) = 6 - 4*j**2 + j**3 - 2 - 2*j**3. Let k(y) = -y**2 + 7*y + 3. Let g be k(7). Let n be -2 - ((-9)/(-3))/g. Determine r(n).
-5
Let q be -2*4/(-16)*-10. Let r(a) = 2*a - 6. Let h(m) = -2*m + 6. Let x(z) = q*h(z) - 6*r(z). What is x(6)?
-6
Let r(v) = 286 - 286 + 2*v. Calculate r(2).
4
Let d(k) = -k**2 + 6*k - 3. Let r = -141 + 145. Give d(r).
5
Let k(r) = -r**2 - 4*r + 4. Let b(t) = 2*t**2 - 7*t. Let x be b(5). Suppose 5*m + 4*g = -25, 0 = m + 2*m - 5*g + x. Calculate k(m).
-1
Let x(h) = -2*h + 4. Let w be x(-6). Suppose -6*a = -2*a - w. Let p(v) be the third derivative of v**4/12 - v**3/2 + 3*v**2. Calculate p(a).
5
Let y(m) = -2*m - 7. Suppose -1 = -8*f + 47. What is y(f)?
-19
Suppose -17 - 23 = -5*j. Let s(k) = j - 16 - k + 10. Give s(0).
2
Let l be 5*(-1 + 24/15). Let s(k) = -l - k + 4*k - 2*k. What is s(0)?
-3
Let s(o) = -o**2 - 3*o - 1. Let g be s(-2). Let c be (-1)/(-3) - 10/(-6). Let k(p) = p - p**3 + 2*p**c - 2*p + 2*p**3. Calculate k(g).
2
Let q(o) = -o + 2. Let m be q(0). Let a(v) be the second derivative of -2*v**3/3 + 3*v**2/2 - 8*v + 1. Determine a(m).
-5
Let t be (-3)/((-2)/4*3). Suppose u + t = -3. Let b = -4 - u. Let w(i) = 2*i**3 + 2*i - 1. Give w(b).
3
Let w be 1/(-3 - 34/(-12)). Let q(o) = -o**3 - 6*o**2 + 8. Give q(w).
8
Let q(t) = -9*t. Let c be q(-1). Let o = c - 5. Suppose o*u + 8 = 2*u. Let f(j) = -j**3 - 6*j**2 - 4*j + 5. Determine f(u).
-11
Let l(j) = -j + 1. Let w = 0 - -1. Let g = w + 6. Let i be (-2)/(-4) - g/2. Give l(i).
4
Suppose -4*x - 4*b - 60 = 0, 0 = -3*x + 2*b + 3*b - 21. Let i be (2/(-3))/(4/x). Let v(h) = 5 - 2*h**2 - 4 + h**3 - 2*h**2. Determine v(i).
-7
Suppose 4*n = -0*n + 5*u + 36, 4 = 2*n + u. Suppose -3*p + i - 1 = p, -2*p + 13 = -5*i. Let y be (1/(-2))/(p/n). Let m(l) = -2*l**2 + l + 2. Give m(y).
-4
Let d = -45 + 44. Let p(l) be the second derivative of 0*l**3 + 0*l**2 + 0 - 1/6*l**4 - 1/20*l**5 - 2*l. Calculate p(d).
-1
Suppose 0 = 3*b - 10 + 4. Suppose 2*v + m = -4*m + 2, -b = m. Let x(l) = -l + 14. What is x(v)?
8
Let v(p) be the third derivative of -5*p**4/24 - p**3/2 - 2*p**2 + 73*p. Let j(s) = -s**3 + 4*s**2 - 2*s - 1. Let u be j(2). Let d = -5 + u. Give v(d).
7
Let i be 5/(-10)*-3*(-1 - 1). Let t(p) = -2*p**2 - 4*p - 4. What is t(i)?
-10
Let x(m) = m**3 + m. Let u(i) = 3*i**2 + i**3 + 5*i + 2*i**2 - 2 - i**2 - i**2. Let n(h) = -u(h) + 2*x(h). Give n(3).
-7
Let a(s) = -s**3 + 4*s**2 + 8*s - 7. Let g = -90 + 95. Give a(g).
8
Let r(y) = 9*y**2 + 2*y + 1. Suppose -s + 5*m - m - 1 = 0, -4*s - 3*m - 4 = 0. Give r(s).
8
Let z(i) be the third derivative of i**8/6720 - i**7/630 - i**6/720 - i**4/8 + 5*i**2. Let x(a) be the second derivative of z(a). What is x(4)?
-4
Let q(w) be the second derivative of -w**5/20 - w**4/12 + 5*w**3/6 + w**2 - 3*w. Let z(x) = -x**2 + 6*x - 3. Let l be z(6). Calculate q(l).
5
Let f(k) = -3*k**2 + 2*k + 1. Let g be (1 - 15/9)*6. Let o(i) = -i - 2. Let v be o(g). Let q be (-1)/3 - v/3. Give f(q).
-4
Let v(m) be the second derivative of -m**5/20 + 5*m**4/12 - m**3/2 + m**2 - 4*m. What is v(4)?
6
Suppose 0 = -x - w - 5, -w + 3 = -3*x - 0*w. Let y be (-8)/x + 1/(-1). Let v(a) = 3*a - 1. Let r(f) = -1. Let z(o) = -3*r(o) - v(o). Calculate z(y).
-5
Let v(g) = -3*g - 14. Let r(m) = m + 5. Let o(a) = 11*r(a) + 4*v(a). Suppose -4*w + 3*x + 15 = 1, 2*w = x + 8. Suppose -w*p - 30 = -10. What is o(p)?
3
Suppose 3*v - 6 = 3. Let p(j) = -5 + 2 - v*j + 0 - j. Calculate p(-2).
5
Let k = -9 - -11. Let f(l) = -l + 1. What is f(k)?
-1
Let q(g) = -3*g + 3 + 0*g + 2*g. Calculate q(6).
-3
Let x(f) be the first derivative of -7*f**3/3 - f - 6. Give x(-1).
-8
Let b(z) = z**3 - 6*z**2 + 5*z + 5. Let u be -8*2/(-2)*-1. Let h = 13 + u. Give b(h).
5
Let u(g) = -2*g + 4. Let w be u(4). Suppose 4*s - 1 = 7. Let a(k) = -5 + 1 - 4*k + 4*k - s*k. What is a(w)?
4
Let p = 2/21 - 1/84. Let r(n) be the third derivative of n**2 + 0*n + 1/60*n**5 + 0 - p*n**4 - 1/6*n**3. Determine r(3).
2
Let h(w) be the second derivative of w**7/840 - w**6/120 - w**5/60 - w**4/12 + w**3/3 + 2*w. Let r(j) be the second derivative of h(j). Give r(3).
-8
Let z(y) be the first derivative of -y**3/3 + y**2/2 + 3*y - 2. What is z(4)?
-9
Let w = -3 + 9. Let z(o) be the third derivative of -o**2 + 0*o + 1/6*o**4 + 1/3*o**3 + 1/20*o**5 - 1/120*o**w + 0. What is z(4)?
2
Let g(b) = b**3 - 2*b**2 + 3*b. Let i = -12 + 16. Suppose -v + 4 = -4*d - i*v, 0 = d - 5*v - 22. Calculate g(d).
6
Let a(i) = 14*i + 2. Let b(g) = g - 2*g - 4*g + 4*g. Let s(f) = -a(f) - 12*b(f). What is s(2)?
-6
Let h(z) = -z + 1. Let t(r) = -4*r + 5. Let u = 2 + 3. Let y(s) = u*h(s) - t(s). Give y(0).
0
Let j = -16 + 22. Suppose -j*p = -2*p. Let v(k) = -k**2 + k + 6. Calculate v(p).
6
Let t(y) be the second derivative of y**4/12 - y**3/6 - y**2/2 + 2*y. Let v be 1/4 - 45/20. Calculate t(v).
5
Let v(f) = 7*f**2 - 5*f + 7. Let x(k) = 20*k**2 - 14*k + 21. Let m(w) = 17*v(w) - 6*x(w). What is m(0)?
-7
Let a(l) = -15*l**2 - 10*l + 25. Let x(v) = -7*v**2 - 5*v + 12. Let d(t) = -6*a(t) + 13*x(t). Determine d(-5).
6
Let a be 16 + 5 - (7 + -3). Let p(z) = -3*z + 5. Let j(r) = -r + 2. Let n(k) = a*j(k) - 6*p(k). Determine n(3).
7
Let j = 9 + -3. Suppose -j*u - 15 = -3*u. Let f(v) = -v**3 - 6*v**2 - 6*v - 5. Calculate f(u).
0
Let y(f) be the third derivative of -f**4/24 + f**3/6 + f**2. Let u be y(-4). Let n(w) = w - 10. Determine n(u).
-5
Let q be (6/20)/(36/50). Let x(p) be the second derivative of 5/6*p**3 + 2*p - 3/2*p**2 - q*p**4 + 1/20*p**5 + 0. Give x(3).
-6
Let x = 14 - 10. Suppose 3*b + 20 - 2 = 0. Let o = x + b. Let q(w) = 2*w**2 + 3*w + 1. Give q(o).
3
Suppose -12 = 4*n + 2*h, -3*n + 2*h + 1 = 24. Let y(m) = m**2 + 10*m + 6. Determine y(n).
-19
Let p = -33 - -31. Suppose 2*v - 3*a - 7 = 0, 0 = v - 0*v + 5*a + 3. Let y = p + v. Let x(l) = -l**2 + l + 1. Give x(y).
1
Let r(h) = -12*h - 1. Let i(f) = 60*f + 6. Let n(z) = 3*i(z) + 16*r(z). Calculate n(-2).
26
Let f(m) be the first derivative of -m**4/4 + m**3 + 5*m**2/2 - 5*m + 8. Determine f(4).
-1
Let l(o) = o**2 + 12*o + 11. Suppose 3*x + 45 = 12. Calculate l(x).
0
Let p(i) = i**3 + 6*i**2 + 2*i - 6. Let m be p(-5). Let q(x) = 2*x**2 + x**2 + 1 + 7 - 2*x**2 - 10*x. Let j be q(m). Let w(n) = -4*n + 1. What is w(j)?
5
Let x(p) = -p**2 - 6*p - 4. Let k be x(-5). Let t(a) = -a**2 + a + 1. Let s(u) = 2*u**2 - 4*u - 2. Let r = -12 + 11. Let i(o) = r*s(o) - 3*t(o). Give i(k).
1
Let b(k) be the first derivative of -k**4/4 + 2*k**3 - 2*k**2 - 4*k + 1. Suppose -1 = 5*u - 5*c - 11, -4*u = 3*c - 43. Suppose -3 - u = -2*h. What is b(h)?
1
Let p = 1 + 1. Let g(j) = -9*j + 0 - 8 + p. Let c(o) = 8*o + 5. Let l(u) = -5*c(u) - 4*g(u). Determine l(-1).
3
Let u(k) be the first derivative of -k**3/3 - k**2/2 + 2*k - 8. Calculate u(-2).
0
Let x(f) be the third derivative of -f**2 + 0 + 0*f - 1/8*f**4 + 1/60*f**5 + 1/2*f**3. Let d(z) = z**3 - 2*z**2 - z + 4. Let m be d(2). Calculate x(m).
1
Let t(i) = -i**3 - i**2 + 4*i + 2. Let b(q) = 4*q + 13. Let s be b(-4). Give 